{"id":15611,"date":"2021-10-05T16:27:01","date_gmt":"2021-10-05T22:27:01","guid":{"rendered":"http:\/\/www.cynthiapremayoga.com\/?page_id=15611"},"modified":"2024-03-03T18:29:19","modified_gmt":"2024-03-04T00:29:19","slug":"especializacion-yogaterapia","status":"publish","type":"page","link":"https:\/\/www.cynthiapremayoga.com\/index.php\/especializacion-yogaterapia\/","title":{"rendered":"ESPECIALIZACI\u00d3N EN YOGATERAPIA"},"content":{"rendered":"[spb_text_block animation=&#8221;none&#8221; animation_delay=&#8221;0&#8243; simplified_controls=&#8221;yes&#8221; custom_css_percentage=&#8221;no&#8221; padding_vertical=&#8221;0&#8243; padding_horizontal=&#8221;0&#8243; margin_vertical=&#8221;0&#8243; custom_css=&#8221;margin-top: 0px;margin-bottom: 0px;&#8221; border_size=&#8221;0&#8243; border_styling_global=&#8221;default&#8221; width=&#8221;1\/1&#8243; el_position=&#8221;first last&#8221;]\n<h1 class=\"p1\">Especializaci\u00f3n en Yogaterapia<b><\/b><\/h1>\n<p><span class=\"s1\"><b>Formada del 2017 al 2020 en la especializaci\u00f3n en Yoga Terap\u00e9utico de la Tradici\u00f3n Krishnamacharya Viniyoga, Chennai, India KHYF.<\/b><\/span><\/p>\n[\/spb_text_block] [spb_text_block animation=&#8221;none&#8221; animation_delay=&#8221;0&#8243; simplified_controls=&#8221;yes&#8221; custom_css_percentage=&#8221;no&#8221; padding_vertical=&#8221;0&#8243; padding_horizontal=&#8221;0&#8243; margin_vertical=&#8221;0&#8243; custom_css=&#8221;margin-top: 0px;margin-bottom: 0px;&#8221; border_size=&#8221;0&#8243; border_styling_global=&#8221;default&#8221; width=&#8221;1\/1&#8243; el_position=&#8221;first last&#8221;]\n<h1 class=\"p9\">\u00bfA quienes est\u00e1 orientada?<\/h1>\n<p class=\"p9\">La Especializaci\u00f3n en Yogaterapia est\u00e1 dirigida a todas aquellas personas que pueden ser pofesores de Yoga, profesionales de la salud o cualquier individuo que tenga el deseo de aprender desde la Tradici\u00f3n de Krishnamacharya el Proceso de Sanaci\u00f3n basado en la anatom\u00eda sutil y la integraci\u00f3n hol\u00edstica del Ser, manejando las distintas herramientas del Yoga hacia el camino espiritual.<\/p>\n<h2 class=\"p3\"><strong><blockquote class=\"pullquote\">Se otorga Certificado de Certificaci\u00f3n en Yogaterapia al completar toda la curr\u00edcula.<\/blockquote><\/strong><\/h2>\n[\/spb_text_block] [spb_text_block animation=&#8221;none&#8221; animation_delay=&#8221;0&#8243; simplified_controls=&#8221;yes&#8221; custom_css_percentage=&#8221;no&#8221; padding_vertical=&#8221;0&#8243; padding_horizontal=&#8221;0&#8243; margin_vertical=&#8221;0&#8243; custom_css=&#8221;margin-top: 0px;margin-bottom: 0px;&#8221; border_size=&#8221;0&#8243; border_styling_global=&#8221;default&#8221; width=&#8221;1\/1&#8243; el_position=&#8221;first last&#8221;]\n<h2 class=\"p1\"><span class=\"s1\">\u00bfQu\u00e9 incluye la Especializaci\u00f3n en Yogaterapia?<\/span><\/h2>\n<ul class=\"ul1\">\n<li><strong>Pr\u00e1cticas Krishnamacharya<\/strong><\/li>\n<li class=\"li1\"><strong>Contenidos te\u00f3ricos descargables en PDF<\/strong><\/li>\n<li class=\"li1\"><strong>Espacio de Mentor\u00edas individual<\/strong><\/li>\n<\/ul>\n[\/spb_text_block] [spb_row element_name=&#8221;Row&#8221; wrap_type=&#8221;full-width-contained&#8221; row_bg_type=&#8221;image&#8221; color_row_height=&#8221;content-height&#8221; bg_image=&#8221;15548&#8243; bg_type=&#8221;cover&#8221; parallax_image_height=&#8221;content-height&#8221; parallax_image_movement=&#8221;fixed&#8221; parallax_image_speed=&#8221;standard&#8221; bg_video_loop=&#8221;yes&#8221; parallax_video_height=&#8221;window-height&#8221; row_top_style=&#8221;none&#8221; row_bottom_style=&#8221;none&#8221; parallax_video_overlay=&#8221;none&#8221; row_overlay_opacity=&#8221;0&#8243; remove_element_spacing=&#8221;no&#8221; row_col_spacing=&#8221;0&#8243; row_col_pos=&#8221;default&#8221; row_col_equal_heights=&#8221;no&#8221; row_expanding=&#8221;no&#8221; row_animation=&#8221;none&#8221; row_animation_delay=&#8221;0&#8243; minimize_row=&#8221;no&#8221; simplified_controls=&#8221;yes&#8221; custom_css_percentage=&#8221;no&#8221; custom_css=&#8221;margin-top: 0px;margin-bottom: 0px;&#8221; border_styling_global=&#8221;default&#8221; width=&#8221;1\/1&#8243; el_position=&#8221;first last&#8221;] [spb_blank_spacer height=&#8221;30px&#8221; width=&#8221;1\/1&#8243; el_position=&#8221;first last&#8221;] [spb_text_block animation=&#8221;none&#8221; animation_delay=&#8221;0&#8243; simplified_controls=&#8221;yes&#8221; custom_css_percentage=&#8221;no&#8221; padding_vertical=&#8221;0&#8243; padding_horizontal=&#8221;0&#8243; margin_vertical=&#8221;0&#8243; custom_css=&#8221;margin-top: 0px;margin-bottom: 0px;&#8221; border_size=&#8221;0&#8243; border_styling_global=&#8221;default&#8221; width=&#8221;1\/1&#8243; el_position=&#8221;first last&#8221;]\n<blockquote>\n<h2 class=\"p1\"><span class=\"s1\" style=\"color: #ffffff;\"><b>Bases Filos\u00f3ficas del Yogaterapia, Anatom\u00eda sutil, Modelo de Chacras, Bandhas y Mudras, Fisiolog\u00eda aplicada al Yoga, Patolog\u00edas y Yogaterapia, Estudio de Casos en Yogaterpia<\/b><\/span><\/h2>\n<\/blockquote>\n[\/spb_text_block] [spb_blank_spacer height=&#8221;30px&#8221; width=&#8221;1\/1&#8243; el_position=&#8221;first last&#8221;] [\/spb_row] [spb_blank_spacer height=&#8221;40px&#8221; width=&#8221;1\/1&#8243; el_position=&#8221;first last&#8221;] [spb_row row_responsive_vis=&#8221;hidden-xs&#8221; element_name=&#8221;Row&#8221; wrap_type=&#8221;full-width-contained&#8221; row_bg_type=&#8221;color&#8221; color_row_height=&#8221;content-height&#8221; bg_type=&#8221;cover&#8221; parallax_image_height=&#8221;content-height&#8221; parallax_image_movement=&#8221;fixed&#8221; parallax_image_speed=&#8221;standard&#8221; bg_video_loop=&#8221;yes&#8221; parallax_video_height=&#8221;window-height&#8221; row_top_style=&#8221;none&#8221; row_bottom_style=&#8221;none&#8221; parallax_video_overlay=&#8221;none&#8221; row_overlay_opacity=&#8221;0&#8243; remove_element_spacing=&#8221;no&#8221; row_col_spacing=&#8221;0&#8243; row_col_pos=&#8221;default&#8221; row_col_equal_heights=&#8221;no&#8221; row_expanding=&#8221;no&#8221; row_animation=&#8221;none&#8221; row_animation_delay=&#8221;0&#8243; minimize_row=&#8221;yes&#8221; simplified_controls=&#8221;yes&#8221; custom_css_percentage=&#8221;no&#8221; custom_css=&#8221;margin-top: 0px;margin-bottom: 0px;&#8221; border_styling_global=&#8221;default&#8221; width=&#8221;1\/1&#8243; el_position=&#8221;first last&#8221;] [spb_text_block animation=&#8221;none&#8221; animation_delay=&#8221;0&#8243; simplified_controls=&#8221;yes&#8221; custom_css_percentage=&#8221;no&#8221; padding_vertical=&#8221;0&#8243; padding_horizontal=&#8221;0&#8243; margin_vertical=&#8221;0&#8243; custom_css=&#8221;margin-top: 0px;margin-bottom: 0px;&#8221; border_size=&#8221;0&#8243; border_styling_global=&#8221;default&#8221; width=&#8221;1\/2&#8243; el_position=&#8221;first&#8221;]\n<ul class=\"ul1\">\n<li class=\"li16\"><b>Bases Filos\u00f3ficas del Yogaterapia:<\/b>\u00a0Definici\u00f3n de los conceptos clave de Yogaterapia: concepto de \u201ccare seeker\u201d o buscador de la curaci\u00f3n y concepto de \u201ccare provider\u201d o proveedor del conocimiento, prevenci\u00f3n, diferencias entre Sanaci\u00f3n y Curaci\u00f3n. Definiciones de enfermedad y Salud. YOGA SUTRAS de Pata\u00f1jali. Modelo de Causas-S\u00edntomas. Conceptos de VASANAS-SVABHAVA y SAMSKARAS. Estructura del Proceso de Sanaci\u00f3n. Relaci\u00f3n Alumno-Terapeuta. Tradici\u00f3n Krishnamacharya.<\/li>\n<\/ul>\n<ul class=\"ul1\">\n<li><b>Modelo Anat\u00f3mico Sutil &#8211; 7 Chakras: <\/b>Sistema de Chakras. Evoluci\u00f3n de lo m\u00e1s denso a lo m\u00e1s sutil (ser humano). Concepto de CHAKRA y PRANA y su importancia en este modelo. Conceptos de BRAHAMANA, LANGHANA Y SAMANA: aplicaci\u00f3n a las pr\u00e1cticas.<br \/>\nTeor\u00eda y pr\u00e1ctica de chakras (1 al 7) prop\u00f3sito, localizaci\u00f3n, evoluci\u00f3n, partes del cuerpo relacionadas. Adhikara y Asura. Elemento, sonido, caracter\u00edsticas femeninas\/masculinas. Exceso\/Deficiencia de Prana en el Chakra. Disfunciones f\u00edsicas, traumas asociados, pr\u00e1cticas asociadas, clases. Relaci\u00f3n con el ayurveda y los Doshas (Prakriti-Vrkriti) y desequilibrios. Teor\u00eda y pr\u00e1ctica.<i><\/i><\/li>\n<\/ul>\n[\/spb_text_block] [spb_text_block animation=&#8221;none&#8221; animation_delay=&#8221;0&#8243; simplified_controls=&#8221;yes&#8221; custom_css_percentage=&#8221;no&#8221; padding_vertical=&#8221;0&#8243; padding_horizontal=&#8221;0&#8243; margin_vertical=&#8221;0&#8243; custom_css=&#8221;margin-top: 0px;margin-bottom: 0px;&#8221; border_size=&#8221;0&#8243; border_styling_global=&#8221;default&#8221; width=&#8221;1\/2&#8243; el_position=&#8221;last&#8221;]\n<ul class=\"ul1\">\n<li class=\"li16\"><b>Fisiolog\u00eda Aplicada al Yoga<\/b>: Te presento un abordaje desde la fisiolog\u00eda moderna para adaptar la pr\u00e1ctica del yoga a diferentes patolog\u00edas del sistema m\u00fasculo-esquel\u00e9tico.<\/li>\n<\/ul>\n<ul class=\"ul1\">\n<li><b>Patolog\u00edas y Yogaterapia:<\/b>\u00a0Depresi\u00f3n, ansiedad cr\u00f3nica, obesidad, dolores \u00f3seos y articulares, diabetes, problemas de piel, insomnio, estr\u00e9s, dolores de espalda, asma y alergias, trauma, c\u00e1ncer, fibromialgia, entre otras. Abordaje Hol\u00edstico y multifac\u00e9tico (Modelo chacras, ayurveda, fisiol\u00f3gico).<\/li>\n<\/ul>\n<ul class=\"ul1\">\n<li><b>Estudio de Casos en Yogaterapia:<\/b>\u00a0Analizamos distintos casos individuales y proponemos pr\u00e1cticas personalizadas. Los casos son presentados por \u201cbuscadores\u201d, personas reales que vienen a contar su patolog\u00eda. Se trabaja en forma grupal, consensuando una pr\u00e1ctica.<\/li>\n<\/ul>\n<ul class=\"ul1\">\n<li class=\"li16\" style=\"list-style-type: none;\">\n<h3 class=\"p5\"><b><i>MENTORIAS:<\/i><\/b><i> Planificamos las metas y te acompa\u00f1o en tu crecimiento mediante la profundizaci\u00f3n de las herramientas adquiridas.<\/i><\/h3>\n<\/li>\n<\/ul>\n[\/spb_text_block] [\/spb_row] [spb_row row_responsive_vis=&#8221;hidden-lg_hidden-md_hidden-sm&#8221; element_name=&#8221;Row&#8221; wrap_type=&#8221;full-width-contained&#8221; row_bg_type=&#8221;color&#8221; color_row_height=&#8221;content-height&#8221; bg_type=&#8221;cover&#8221; parallax_image_height=&#8221;content-height&#8221; parallax_image_movement=&#8221;fixed&#8221; parallax_image_speed=&#8221;standard&#8221; bg_video_loop=&#8221;yes&#8221; parallax_video_height=&#8221;window-height&#8221; row_top_style=&#8221;none&#8221; row_bottom_style=&#8221;none&#8221; parallax_video_overlay=&#8221;none&#8221; row_overlay_opacity=&#8221;0&#8243; remove_element_spacing=&#8221;no&#8221; row_col_spacing=&#8221;0&#8243; row_col_pos=&#8221;default&#8221; row_col_equal_heights=&#8221;no&#8221; row_expanding=&#8221;no&#8221; row_animation=&#8221;none&#8221; row_animation_delay=&#8221;0&#8243; minimize_row=&#8221;yes&#8221; simplified_controls=&#8221;yes&#8221; custom_css_percentage=&#8221;no&#8221; custom_css=&#8221;margin-top: 0px;margin-bottom: 0px;&#8221; border_styling_global=&#8221;default&#8221; width=&#8221;1\/1&#8243; el_position=&#8221;first last&#8221;] [spb_text_block animation=&#8221;none&#8221; animation_delay=&#8221;0&#8243; simplified_controls=&#8221;yes&#8221; custom_css_percentage=&#8221;no&#8221; padding_vertical=&#8221;0&#8243; padding_horizontal=&#8221;0&#8243; margin_vertical=&#8221;0&#8243; custom_css=&#8221;margin-top: 0px;margin-bottom: 0px;&#8221; border_size=&#8221;0&#8243; border_styling_global=&#8221;default&#8221; width=&#8221;1\/1&#8243; el_position=&#8221;first last&#8221;]\n<ul class=\"ul1\">\n<li class=\"li16\"><b>Bases Filos\u00f3ficas del Yogaterapia:<\/b>\u00a0Definici\u00f3n de los conceptos clave de Yogaterapia: concepto de \u201ccare seeker\u201d o buscador de la curaci\u00f3n y concepto de \u201ccare provider\u201d o proveedor del conocimiento, prevenci\u00f3n, diferencias entre Sanaci\u00f3n y Curaci\u00f3n. Definiciones de enfermedad y Salud. YOGA SUTRAS de Pata\u00f1jali. Modelo de Causas-S\u00edntomas. Conceptos de VASANAS-SVABHAVA y SAMSKARAS. Estructura del Proceso de Sanaci\u00f3n. Relaci\u00f3n Alumno-Terapeuta. Tradici\u00f3n Krishnamacharya.<\/li>\n<\/ul>\n<ul class=\"ul1\">\n<li class=\"li16\"><b>Modelo Anat\u00f3mico Sutil &#8211; 7 Chakras: <\/b>Sistema de Chakras. Evoluci\u00f3n de lo m\u00e1s denso a lo m\u00e1s sutil (ser humano). Concepto de CHAKRA y PRANA y su importancia en este modelo. Conceptos de BRAHAMANA, LANGHANA Y SAMANA: aplicaci\u00f3n a las pr\u00e1cticas.Teor\u00eda y pr\u00e1ctica de chakras (1 al 7) prop\u00f3sito, localizaci\u00f3n, evoluci\u00f3n, partes del cuerpo relacionadas. Adhikara y Asura. Elemento, sonido, caracter\u00edsticas femeninas\/masculinas. Exceso\/Deficiencia de Prana en el Chakra. Disfunciones f\u00edsicas, traumas asociados, pr\u00e1cticas asociadas, clases. Relaci\u00f3n con el ayurveda y los Doshas (Prakriti-Vrkriti) y desequilibrios. Teor\u00eda y pr\u00e1ctica.<\/li>\n<\/ul>\n<ul class=\"ul1\">\n<li class=\"li16\"><b>Bandhas y Mudras: <\/b>Concepto de limpieza profunda o TAPAS. Distintos tipos, caracterizaci\u00f3n, importancia, aplicaci\u00f3n, prerrequisitos. T\u00e9cnica para establecer, mantener y desarmar los bandhas y mudras. Prop\u00f3sitos. Contraindicaciones. Asanas asociadas.<\/li>\n<\/ul>\n<ul class=\"ul1\">\n<li class=\"li16\"><b>Fisiolog\u00eda Aplicada al Yoga<\/b>: Te presento un abordaje desde la fisiolog\u00eda moderna para adaptar la pr\u00e1ctica del yoga a diferentes patolog\u00edas del sistema m\u00fasculo-esquel\u00e9tico.<\/li>\n<\/ul>\n<ul class=\"ul1\">\n<li class=\"li16\"><b>Patolog\u00edas y Yogaterapia:<\/b>\u00a0Depresi\u00f3n, ansiedad cr\u00f3nica, obesidad, dolores \u00f3seos y articulares, diabetes, problemas de piel, insomnio, estr\u00e9s, dolores de espalda, asma y alergias, trauma, c\u00e1ncer, fibromialgia, entre otras. Abordaje Hol\u00edstico y multifac\u00e9tico (Modelo chacras, ayurveda, fisiol\u00f3gico).<\/li>\n<\/ul>\n<ul class=\"ul1\">\n<li class=\"li16\"><b>Estudio de Casos en Yogaterapia:<\/b>\u00a0Analizamos distintos casos individuales y proponemos pr\u00e1cticas personalizadas. Los casos son presentados por \u201cbuscadores\u201d, personas reales que vienen a contar su patolog\u00eda. Se trabaja en forma grupal, consensuando una pr\u00e1ctica.<\/li>\n<\/ul>\n<ul class=\"ul1\">\n<li class=\"li16\"><b><i>MENTORIAS:<\/i><\/b><i> Planificamos las metas y te acompa\u00f1o en tu crecimiento mediante la profundizaci\u00f3n de las herramientas adquiridas.<\/i><\/li>\n<\/ul>\n[\/spb_text_block] [\/spb_row] [spb_row element_name=&#8221;Row&#8221; wrap_type=&#8221;full-width-contained&#8221; row_bg_type=&#8221;color&#8221; row_bg_color=&#8221;#58baba&#8221; color_row_height=&#8221;content-height&#8221; bg_type=&#8221;cover&#8221; parallax_image_height=&#8221;content-height&#8221; parallax_image_movement=&#8221;fixed&#8221; parallax_image_speed=&#8221;standard&#8221; bg_video_loop=&#8221;yes&#8221; parallax_video_height=&#8221;window-height&#8221; row_top_style=&#8221;none&#8221; row_bottom_style=&#8221;none&#8221; parallax_video_overlay=&#8221;none&#8221; row_overlay_opacity=&#8221;0&#8243; remove_element_spacing=&#8221;no&#8221; row_col_spacing=&#8221;0&#8243; row_col_pos=&#8221;default&#8221; row_col_equal_heights=&#8221;no&#8221; row_expanding=&#8221;no&#8221; row_animation=&#8221;none&#8221; row_animation_delay=&#8221;0&#8243; minimize_row=&#8221;no&#8221; simplified_controls=&#8221;yes&#8221; custom_css_percentage=&#8221;no&#8221; custom_css=&#8221;margin-top: 0px;margin-bottom: 0px;&#8221; border_styling_global=&#8221;default&#8221; width=&#8221;1\/1&#8243; el_position=&#8221;first last&#8221;] [spb_blank_spacer responsive_vis=&#8221;hidden-xs&#8221; height=&#8221;30px&#8221; width=&#8221;1\/6&#8243; el_position=&#8221;first&#8221;] [spb_text_block animation=&#8221;none&#8221; animation_delay=&#8221;0&#8243; simplified_controls=&#8221;yes&#8221; custom_css_percentage=&#8221;no&#8221; padding_vertical=&#8221;0&#8243; padding_horizontal=&#8221;0&#8243; margin_vertical=&#8221;0&#8243; custom_css=&#8221;margin-top: 0px;margin-bottom: 0px;&#8221; border_size=&#8221;0&#8243; border_styling_global=&#8221;default&#8221; width=&#8221;2\/3&#8243; el_position=&#8221;last&#8221;]\n<h1 class=\"p1\" style=\"text-align: center;\"><span class=\"s1\" style=\"color: #ffffff;\">Cursada Abierta: a tu ritmo<\/span><\/h1>\n<h3 class=\"p1\" style=\"text-align: center;\"><span class=\"s1\" style=\"color: #ffffff;\">Todo estudiante que desee cursar parcialmente las materias incluidas en las curr\u00edculas del Profesorado o la Especializaci\u00f3n en Yogaterapia, <b>podr\u00e1 realizarlo en cualquier momento del a\u00f1o.<\/b><\/span><\/h3>\n[\/spb_text_block] [spb_blank_spacer responsive_vis=&#8221;hidden-xs&#8221; height=&#8221;30px&#8221; width=&#8221;1\/1&#8243; el_position=&#8221;first last&#8221;] [\/spb_row] [spb_text_block animation=&#8221;none&#8221; animation_delay=&#8221;0&#8243; simplified_controls=&#8221;yes&#8221; custom_css_percentage=&#8221;no&#8221; padding_vertical=&#8221;0&#8243; padding_horizontal=&#8221;0&#8243; margin_vertical=&#8221;0&#8243; custom_css=&#8221;margin-top: 0px;margin-bottom: 0px;&#8221; border_size=&#8221;0&#8243; border_styling_global=&#8221;default&#8221; width=&#8221;1\/1&#8243; el_position=&#8221;first last&#8221;]\n<h2 style=\"text-align: center;\">Preguntas frecuentes<\/h2>\n[\/spb_text_block] [spb_text_block animation=&#8221;none&#8221; animation_delay=&#8221;0&#8243; simplified_controls=&#8221;yes&#8221; custom_css_percentage=&#8221;no&#8221; padding_vertical=&#8221;0&#8243; padding_horizontal=&#8221;0&#8243; margin_vertical=&#8221;0&#8243; custom_css=&#8221;margin-top: 0px;margin-bottom: 0px;&#8221; border_size=&#8221;0&#8243; border_styling_global=&#8221;default&#8221; width=&#8221;1\/2&#8243; el_position=&#8221;first&#8221;]\n<h3 class=\"p1\"><span class=\"s1\">\u00bfQu\u00e9 certificado obtengo? <\/span><\/h3>\n<p class=\"p1\">*Se otorga Certificado de Especializaci\u00f3n en Yogaterapia.<\/p>\n<h3 class=\"p1\"><span class=\"s1\">\u00bfCu\u00e1l es la carga horaria?<\/span><\/h3>\n<p class=\"p1\">*Especializaci\u00f3n en Yogaterapia 100 horas presenciales + trabajos pr\u00e1cticos + pr\u00e1cticas Total m\u00e1s de 250 horas.<\/p>\n<h3 class=\"p1\"><span class=\"s1\">\u00bfPuedo anotarme en materias sueltas?<\/span><\/h3>\n<p class=\"p2\">Si, se puede cursar parcialmente sin obtener t\u00edtulo o ir completando las materias en los tiempos individuales, seg\u00fan necesidad de cada alumno. Es lo que llamamos &#8220;cursada abierta&#8221;<\/p>\n[\/spb_text_block] [spb_text_block animation=&#8221;none&#8221; animation_delay=&#8221;0&#8243; simplified_controls=&#8221;yes&#8221; custom_css_percentage=&#8221;no&#8221; padding_vertical=&#8221;0&#8243; padding_horizontal=&#8221;0&#8243; margin_vertical=&#8221;0&#8243; custom_css=&#8221;margin-top: 0px;margin-bottom: 0px;&#8221; border_size=&#8221;0&#8243; border_styling_global=&#8221;default&#8221; width=&#8221;1\/2&#8243; el_position=&#8221;last&#8221;]\n<h3 class=\"p1\"><span class=\"s1\">\u00bfPuedo cursar OnLine?<\/span><\/h3>\n<p class=\"p2\">Si, se puede cursar Presencial, OnLine o Mixto.<\/p>\n<h3 class=\"p1\"><span class=\"s1\">\u00bfTienen becas?<\/span><\/h3>\n<p class=\"p2\">Si, se puede solicitar becas seg\u00fan las necesidades individuales.<\/p>\n<h3 class=\"p1\"><span class=\"s1\">\u00bfD\u00f3nde se da f\u00edsicamente la formaci\u00f3n?<\/span><\/h3>\n<p><a href=\"https:\/\/maps.app.goo.gl\/NBgNG2Lv3PyLVLV87\" target=\"_blank\" rel=\"noopener\"><span class=\"selectable-text copyable-text\">Guerrico 863, Bajo de San Isidro<\/span><\/a><\/p>\n<p>&nbsp;<\/p>\n[\/spb_text_block]\n","protected":false},"excerpt":{"rendered":"<p>[spb_text_block animation=&#8221;none&#8221; animation_delay=&#8221;0&#8243; simplified_controls=&#8221;yes&#8221; custom_css_percentage=&#8221;no&#8221; padding_vertical=&#8221;0&#8243; padding_horizontal=&#8221;0&#8243; margin_vertical=&#8221;0&#8243; custom_css=&#8221;margin-top: 0px;margin-bottom: 0px;&#8221; border_size=&#8221;0&#8243; border_styling_global=&#8221;default&#8221; width=&#8221;1\/1&#8243; el_position=&#8221;first last&#8221;] Especializaci\u00f3n en Yogaterapia Formada del 2017 al 2020 en la especializaci\u00f3n en Yoga Terap\u00e9utico de la Tradici\u00f3n Krishnamacharya Viniyoga, Chennai, India KHYF. [\/spb_text_block] [spb_text_block animation=&#8221;none&#8221; animation_delay=&#8221;0&#8243; simplified_controls=&#8221;yes&#8221; custom_css_percentage=&#8221;no&#8221; padding_vertical=&#8221;0&#8243; padding_horizontal=&#8221;0&#8243; margin_vertical=&#8221;0&#8243; custom_css=&#8221;margin-top: 0px;margin-bottom: 0px;&#8221; border_size=&#8221;0&#8243; border_styling_global=&#8221;default&#8221; width=&#8221;1\/1&#8243; el_position=&#8221;first last&#8221;] \u00bfA quienes est\u00e1 orientada? La [&hellip;]<\/p>\n","protected":false},"author":1,"featured_media":0,"parent":0,"menu_order":0,"comment_status":"closed","ping_status":"closed","template":"","meta":{"footnotes":"","_joinchat":[]},"_links":{"self":[{"href":"https:\/\/www.cynthiapremayoga.com\/index.php\/wp-json\/wp\/v2\/pages\/15611"}],"collection":[{"href":"https:\/\/www.cynthiapremayoga.com\/index.php\/wp-json\/wp\/v2\/pages"}],"about":[{"href":"https:\/\/www.cynthiapremayoga.com\/index.php\/wp-json\/wp\/v2\/types\/page"}],"author":[{"embeddable":true,"href":"https:\/\/www.cynthiapremayoga.com\/index.php\/wp-json\/wp\/v2\/users\/1"}],"replies":[{"embeddable":true,"href":"https:\/\/www.cynthiapremayoga.com\/index.php\/wp-json\/wp\/v2\/comments?post=15611"}],"version-history":[{"count":70,"href":"https:\/\/www.cynthiapremayoga.com\/index.php\/wp-json\/wp\/v2\/pages\/15611\/revisions"}],"predecessor-version":[{"id":16355,"href":"https:\/\/www.cynthiapremayoga.com\/index.php\/wp-json\/wp\/v2\/pages\/15611\/revisions\/16355"}],"wp:attachment":[{"href":"https:\/\/www.cynthiapremayoga.com\/index.php\/wp-json\/wp\/v2\/media?parent=15611"}],"curies":[{"name":"wp","href":"https:\/\/api.w.org\/{rel}","templated":true}]}}